/20 - y**4/6 - y**3/3 + 7*y**2. Let m(t) be the first derivative of l(t). Does 2 divide m(4)?
True
Let h = 16 - 14. Let d(p) = -1 + 4*p - 3*p**3 - 2*p**3 + 6*p**3 + 8*p**h - 1. Is 6 a factor of d(-7)?
False
Let o = 58 - 30. Does 10 divide (-1)/(-2)*5*o?
True
Let u be 495/(-25) - (-1)/(-5). Let h be 25*(4 - (-68)/u). Does 2 divide -1 + -2 + 1*h?
True
Let x = 25 - 27. Does 17 divide x + ((-1 - 2)*-1 - -109)?
False
Suppose -13*x - 1312 = -13012. Is 30 a factor of x?
True
Suppose 0 = b + f - 6, -3*b - 4*f + 29 = 2*b. Suppose -b*l - 200 = -860. Does 22 divide l?
True
Let k be 10/25*15/2. Let y = k - -9. Is 6 a factor of y?
True
Suppose v = 3*w - 6038, 0 = 4*w + 3*v - 10367 + 2299. Is 89 a factor of w?
False
Let a be (-4 + 1)/(6/(-56)). Let d = -84 + 81. Let n = d + a. Does 9 divide n?
False
Let d be (0 - 5)*8/5. Let k(a) = -a**2 + 1. Let u(l) = l**3 + 6*l**2 + 4*l + 11. Let q(s) = 2*k(s) - u(s). Does 23 divide q(d)?
True
Let y(l) = -33*l + 5. Suppose 42 = r - 8*r. Is 27 a factor of y(r)?
False
Suppose 3*f + 3*a = 225, -f + 57*a - 52*a + 57 = 0. Does 24 divide f?
True
Let v be 10/70 - 846/(-7). Suppose 0 = -l + 27 + v. Suppose 2*i = l + 50. Does 26 divide i?
False
Let b = -387 + 1160. Is b a multiple of 56?
False
Let h be 196/(-20) + 3/(-15). Let d = -39 - h. Let m = d - -68. Is m a multiple of 13?
True
Let g = -47 + 147. Suppose 5*c - 128 = -2*i, -3*i + 2*c + 73 + g = 0. Is i a multiple of 14?
False
Suppose -2*o + 0 = -8. Is 112 - (-1 + (8 - o)) a multiple of 13?
False
Suppose 5*x = 2*x. Suppose -5*u = 3*z + 3, 3*u - z + 4 - 5 = x. Suppose u = -4*b + 35 + 301. Does 23 divide b?
False
Let t(x) = -115*x**2 - 2*x - 1. Let v be t(-1). Is v/(-4) + 18/12 a multiple of 6?
True
Suppose 0 = 3*z - z. Suppose 2*u = -3*r - 10, z = -r - 3*r + 3*u + 15. Suppose 4*c = -r*c + 20. Is c even?
False
Let g(y) = y**2 + 15*y - 11. Let h be g(-16). Suppose h*b + 81 = 261. Does 18 divide b?
True
Is 42 a factor of (-3)/36 + (-223788)/(-144)?
True
Suppose 0 = -25*s + 12*s + 4732. Does 11 divide s?
False
Suppose 6990 - 1347 = 19*z. Is 11 a factor of z?
True
Suppose -2*u = -4*v + 50, 2*u + 12 + 2 = -5*v. Let h = u - -20. Suppose -l + 2*r = -50, -5*l + 378 = -h*r + 135. Does 8 divide l?
True
Suppose -14*z + 4 = -12*z. Suppose -6*c + z*c - 2*d = -444, c + 5*d = 129. Suppose 2*a + 2*l = -a + c, -a + 4*l = -13. Is a a multiple of 12?
False
Let p = -440 + 467. Does 7 divide p?
False
Suppose 2*j = -27 + 35. Let f = j + 9. Does 2 divide f?
False
Let s = -6 - 3. Let h(t) = 2*t**2 + 12*t - 11. Let x be h(s). Suppose x = n - 0*n. Is n a multiple of 13?
False
Let f(a) = 6*a**3 + 2*a**3 - 3*a**3 - 4*a**3 + 152. Does 19 divide f(0)?
True
Let k be -3 + (-3 - -1 - -7). Suppose 2736 = 21*b - k*b. Does 16 divide b?
True
Suppose 2*r - 5*o - 103 = 0, 5*o = 3*r + 65 - 207. Let a(f) = -3*f - 2. Let b be a(-7). Let d = b + r. Does 21 divide d?
False
Let j(c) be the third derivative of -c**6/120 + c**5/15 + 5*c**4/12 + 4*c**3/3 + 2*c**2. Let u be j(6). Does 42 divide 1/(u + (-417)/(-104))?
False
Let s(i) = 21*i**3 + 1 - 23*i**3 - 4 + 3*i - 2*i**2. Is s(-3) a multiple of 24?
True
Let t(w) = 4*w**2 - 10*w - 177. Does 15 divide t(17)?
False
Suppose -2*x + 52 = -4. Is x a multiple of 2?
True
Let d = 22 + -22. Let n = 22 + -10. Suppose -3*w - 12 = 0, -s + n = -d*w - w. Is 4 a factor of s?
True
Suppose -2*m - 2*f = -22, 4*f + f = 5*m - 95. Let n be (-5)/(m/(-303)) - 3. Suppose 5 = -3*b + n. Is 13 a factor of b?
False
Let f = 710 - -22. Does 52 divide f?
False
Suppose -3*i + 2*i + 176 = -3*c, 5*i = 4*c + 913. Is i a multiple of 19?
False
Suppose c - 5*l + 2 = 0, -3*c + l - 7 = 27. Let h = 62 + -46. Let f = c + h. Does 4 divide f?
True
Let q = 14 - 10. Let p be 26/q - 3/2. Suppose 2*g + p*t = -g + 127, -t + 87 = 2*g. Is 22 a factor of g?
True
Let d be (0 - 0)/((-10)/5). Suppose 3*s + d = 15. Suppose -s*i + 49 = 4*l, -4*i + 5*l + 33 = 2*l. Is i a multiple of 3?
True
Suppose -1358 = -2*d - 61*z + 57*z, 4*d = 4*z + 2740. Is d a multiple of 18?
False
Let f(a) = -9*a - 112. Is f(-14) a multiple of 2?
True
Let q(a) = a**2 + a - 25. Is 5 a factor of q(-6)?
True
Suppose 53*t = 54*t - 13. Is 13 a factor of t?
True
Suppose -2*l + l = -6. Suppose -y = -l*y + 275. Is y a multiple of 11?
True
Suppose 7*p - 9 = 5. Suppose -i + 6*i - 157 = -p*f, f - 98 = 4*i. Is f a multiple of 9?
False
Suppose 31 = 3*p - 29. Suppose -5*l = 3*x - 6*x - 25, 4*l - p = 4*x. Is 18/(-45) + 197/l a multiple of 13?
True
Let b be (1 + -1)*6/12. Suppose b = -9*a + 13*a. Does 4 divide (12 - a) + (-3 - -1)?
False
Let n = -775 + 1237. Does 7 divide n?
True
Suppose 5*u = 4*a - 2*a - 3, -2*u - 30 = -4*a. Let j(p) = a + 31*p + 10 - 18. Is 14 a factor of j(2)?
False
Suppose -2*u + 3 + 3 = 0. Let s be 215/u - 1/(-3). Is 12 a factor of s/5*10/3?
True
Let l(v) = v**3 + 4*v**2 - 5*v + 1. Let t be l(-5). Suppose -25 = 5*c, 1 = -4*j - 3*c - 2. Suppose -j*n + t = -4*r - 0*r, 0 = n + 3*r - 22. Does 5 divide n?
False
Let l = 102 + 50. Does 19 divide l?
True
Suppose 0 = 13*x - 483 - 1506. Is 9 a factor of x?
True
Let l = 36 - 20. Let i be -1 - l - (-1 - -3). Is (-2 + 3 + -3)*i a multiple of 11?
False
Let v(s) = 46*s - 9. Let z be v(4). Suppose 6*l = -l + z. Is l a multiple of 6?
False
Let w = -185 + 244. Is w a multiple of 4?
False
Suppose 4*y + a - 145 = -0*a, 52 = y - 5*a. Let t = 70 - y. Is t a multiple of 33?
True
Let n = 47 - 98. Let y = n + 69. Is y a multiple of 6?
True
Suppose -7*y + 8*y + 90 = 0. Let f = y + 118. Does 6 divide f?
False
Let l = -189 - -1160. Suppose -8*c + l - 59 = 0. Is c a multiple of 57?
True
Suppose -4*d = -3*y + 48 + 27, -5*y + 2*d = -125. Let l(g) = -g**2 + 26*g - 98. Let o be l(11). Suppose y - o = -p. Does 6 divide p?
True
Let c(s) = -5*s**3 - s**2 + 12*s + 24. Is c(-3) a multiple of 2?
True
Let o = 7444 - 3583. Is 27 a factor of o?
True
Let x(y) be the first derivative of 5*y**2/2 + 22*y + 3. Let s be x(-11). Let n = s + 136. Is n a multiple of 25?
False
Let b(o) be the third derivative of o**5/60 - 13*o**4/24 - o**3 + 10*o**2. Does 16 divide b(17)?
False
Let r(g) = 376*g + 459. Is 15 a factor of r(6)?
True
Suppose 4*z + 52 - 8 = 0. Let d = z + 16. Suppose d*r + 1 - 21 = 0. Does 4 divide r?
True
Let u(a) = -28*a + 12*a + 15 - 29*a - 9*a. Is u(-4) a multiple of 21?
True
Suppose d = -4*y + 885, -4*d + 8*y = 7*y - 3540. Does 71 divide d?
False
Let q(m) = -m**3 + 23*m**2 + 23*m - 58. Is q(17) a multiple of 13?
True
Suppose 9*i - 5948 = -1538. Does 10 divide i?
True
Suppose 3*j + 0*j + 963 = 3*q, 3*q - 971 = -5*j. Is 8 a factor of q?
False
Let o = 24 - 7. Let g = -9 + o. Is 8 a factor of g?
True
Suppose 971 + 4045 = 8*d. Is 64 a factor of d?
False
Suppose 5*n = -2*l - 25, 0 = 2*l + 3*l + 2*n + 10. Suppose m - 7 + 1 = l. Is 3 a factor of m?
True
Is 71 a factor of ((-90)/36)/((-5)/972)?
False
Let z(m) = 70*m**2 - 259*m + 3. Is z(6) a multiple of 63?
False
Suppose -m - 24 = -5*m. Suppose 2*s = m*s - 112. Is 8 a factor of s?
False
Let i(h) = 110*h - 10. Let c be i(4). Does 4 divide (-4)/6 + c/15?
True
Let i be (4/4)/(1/(-33)). Let x = -31 - i. Is 13 a factor of x/(-9) + (-944)/(-36)?
True
Suppose 3*o - o + y = 229, 0 = -o + 3*y + 104. Let c = o + -55. Let i = c + -33. Is i a multiple of 8?
False
Suppose -2*w + 3*g + 1040 = -391, w = -2*g + 705. Is w a multiple of 26?
False
Suppose -65 = -7*y + 19. Let l(n) = -n**2 + 15*n + 29. Is l(y) a multiple of 46?
False
Suppose 0*x - 2*x = 5*o - 113, 0 = -3*o + 3*x + 72. Is 23 a factor of o?
True
Suppose -24 = 3*g - 906. Is 42 a factor of g?
True
Let m(j) = j - 2. Let y be m(6). Suppose 0 = 4*i - 7*i - 6. Does 23 divide 89 - y - (i - 1)?
False
Let a(y) = 25*y**2 + 59*y + 529. Does 9 divide a(-13)?
True
Suppose 3 = y + 5. Let z be (12/30)/(y/(-20)). Suppose -t + w + z*w = -18, 4*t = w + 15. Does 2 divide t?
False
Let i(f) = -38*f**3 + 3*f + 1. Is 13 a factor of i(-2)?
True
Is 14 a factor of 102/(-6)*(-46 + -5)?
False
Let s = -111 - -116. Suppose s*z - d - 88 = d, 0 = 4*z + 4*d - 48. Is 15 a factor of z?
False
Suppose 4*y + 104 = -8*n + 4*n, 0 = -4*y + 2*n - 98. Let h = y - -44. Suppose -h*z = -17*z - 12. Is 4 a factor of z?
False
Suppose 2*w = 5*t + 118, -31 - 28 = -w + 4*t. Suppose -52 = -3*q + w. Suppose -f = -28 - q. Does 12 divide f?
False
Let o = -80 + 298. Is o/(-1 + 2) - (-10 + 8) a multip